r(b) = 4*b**2 + 350*b + 3345. Give r(-11).
-21
Let i(r) = -15*r + 222. Calculate i(10).
72
Let p(a) = 8*a**3 + 42*a**2 - 267*a + 22. Calculate p(-9).
-5
Let f(c) = 114*c - 126. Determine f(0).
-126
Let m(l) = 3*l**2 + 24*l - 114. Determine m(4).
30
Let y(a) = -7*a**2 + 104*a + 245. Give y(20).
-475
Let g(q) = q**3 - 4*q**2 - 109*q + 332. Give g(3).
-4
Let s(o) = o**3 - 47*o**2 - 1431*o + 205. Give s(68).
1
Let n(g) = 26*g - 1762. Calculate n(68).
6
Let d(m) = 11*m**2 + 75*m - 8. Determine d(-7).
6
Let s(r) = 75*r**2 + 12*r + 16. Calculate s(-2).
292
Let r(b) = -745*b - 1490. Give r(-2).
0
Let p(j) = -j**2 + 18*j + 19. Give p(17).
36
Let y(f) = -3111*f + 130670. Give y(42).
8
Let q(j) = j**3 + 3*j**2 - 7*j - 24. Give q(0).
-24
Let i(s) = s**3 - 39*s**2 - 125*s - 16. Give i(42).
26
Let f(b) = -b**2 - 86*b - 881. Determine f(-74).
7
Let l(q) = -82*q + 258. What is l(4)?
-70
Let p(s) = -536*s**2 - 4812*s + 116. Calculate p(-9).
8
Let l(j) = -j**3 + 15*j**2 + 14*j + 82. Calculate l(16).
50
Let t(l) = -2*l**2 + 87*l - 42. What is t(42)?
84
Let h(q) = -q**2 - 24*q - 13. Calculate h(-18).
95
Let p(b) = -487*b + 1080. Determine p(2).
106
Let z(x) = 2*x**3 - 228*x**2 - 228*x - 224. Calculate z(115).
6
Let j(m) = -m**3 - 24*m**2 - 91*m + 519. Calculate j(3).
3
Let v(d) = d**3 + 65*d**2 + 247*d + 181. Give v(-61).
-2
Let t(i) = -i**3 - 25*i**2 + 5*i + 84. What is t(-25)?
-41
Let v(k) = 8*k**3 + 140*k**2 + 69*k + 21. Give v(-17).
4
Let w(v) = 19*v - 63. Calculate w(2).
-25
Let v(c) = 2*c**3 + 28*c**2 + 102*c + 19. Give v(-8).
-29
Let o(r) = 85336*r - 768029. Determine o(9).
-5
Let u(h) = 2*h**2 - 93*h + 273. Calculate u(43).
-28
Let r(l) = -42*l + 610. Calculate r(15).
-20
Let j(u) = -10*u**2 - 7*u + 44. Give j(4).
-144
Let a(f) = -2*f**3 + 82*f**2 + 86*f - 50. Calculate a(42).
34
Let w(v) = -2*v**3 - 9*v**2 - 60*v - 314. What is w(-5)?
11
Let a(n) = 3*n**3 + 6*n**2 + 169*n + 340. What is a(-2)?
2
Let f(i) = -818*i + 3310. Calculate f(4).
38
Let o(s) = 293*s - 4009. Give o(13).
-200
Let d(s) = -2*s**3 - 11*s**2 - 45*s - 130. Determine d(-4).
2
Let p(t) = -2*t**3 - 8*t**2 - 17*t - 9. Give p(-3).
24
Let j(f) = -4*f**2 - 42*f - 68. What is j(-9)?
-14
Let n(g) = 125*g - 13293. Give n(106).
-43
Let x(y) = 405*y**2 - 4857*y - 50. What is x(12)?
-14
Let t(b) = 43*b**2 - 258*b + 9. Give t(6).
9
Let k(a) = 31*a + 428. Determine k(-15).
-37
Let w(h) = -h**3 + 50*h**2 + 56*h + 6. Determine w(-1).
1
Let r(w) = -w**3 + 50*w**2 + 49*w + 97. What is r(51)?
-5
Let u(g) = g**2 - 168*g + 688. Give u(4).
32
Let v(k) = -17*k**2 + 93*k - 43. What is v(5)?
-3
Let y(t) = -t**3 + 160*t**2 - 479*t + 1260. What is y(157)?
4
Let g(b) = -4*b**2 - 287*b + 366. Give g(-73).
1
Let h(v) = -2*v**3 + 167*v**2 + 64*v + 1698. What is h(84)?
18
Let c(r) = 2*r**3 - 29*r**2 - 83*r - 28. Give c(17).
6
Let s(x) = x**3 + 6*x**2 - 8*x - 5. Determine s(-6).
43
Let r(k) = -359*k + 2553. What is r(7)?
40
Let h(i) = 229*i**3 - i**2 - 3*i - 2. Give h(-1).
-229
Let p(h) = 5*h**2 + 213*h - 148. Give p(-43).
-62
Let a(u) = u**3 + 30*u**2 - 99*u + 12. Determine a(3).
12
Let r(c) = -4*c**2 - 89*c - 241. What is r(-19)?
6
Let w(z) = -z**2 + 20*z. Give w(22).
-44
Let q(w) = -2*w**3 + 27*w**2 - 82*w - 31. What is q(7)?
32
Let o(c) = 2*c**2 + 89*c + 144. Give o(-43).
15
Let f(y) = y**2 - 53*y - 928. Give f(-14).
10
Let l(f) = 1027*f + 3068. Determine l(-3).
-13
Let t(w) = 113*w - 6972. Give t(61).
-79
Let b(i) = 9*i**3 - i**2 + 12*i + 25. Calculate b(-2).
-75
Let w(z) = 2*z**3 - z**2 - 9*z + 2. What is w(-5)?
-228
Let y(q) = 41*q**3 - 168*q**2 + 28*q - 22. Determine y(4).
26
Let u(i) = i**2 + 25*i - 38854. Calculate u(185).
-4
Let j(a) = -a**3 + 39*a**2 + 539*a - 127. Determine j(-11).
-6
Let x(k) = 1133*k - 54414. Calculate x(48).
-30
Let j(z) = -z**2 + 14*z + 28. Give j(13).
41
Let p(c) = -2*c**2 - 11*c - 28. What is p(-4)?
-16
Let v(p) = -p**2 - 8. Determine v(12).
-152
Let i(m) = m**2 - 9*m - 251. What is i(20)?
-31
Let f(a) = 2*a**3 + 6*a**2 - 37*a + 5. What is f(-6)?
11
Let l(p) = 2*p**2 + 41*p - 48. Determine l(-25).
177
Let a(n) = 6*n**2 + 810*n - 718. What is a(-136)?
98
Let h(l) = -l**3 + 15*l**2 + 18*l - 6. Give h(16).
26
Let l(u) = -1197*u - 1201. Calculate l(-1).
-4
Let a(g) = 29*g - 253. What is a(13)?
124
Let r(h) = -153*h + 59. Calculate r(5).
-706
Let o(g) = 3*g**3 + g**2 - 14*g + 10. Calculate o(2).
10
Let g(u) = -2*u**2 - 68*u + 143. Give g(-36).
-1
Let s(z) = -2*z**3 + 3*z**2 + 16*z - 91. What is s(7)?
-518
Let r(i) = 16*i - 73. What is r(-3)?
-121
Let b(h) = 73*h + 439. What is b(-6)?
1
Let t(n) = 3*n**2 - 51*n + 53. Determine t(14).
-73
Let s(f) = -2287*f - 16010. Calculate s(-7).
-1
Let t(r) = 162*r - 446. Determine t(4).
202
Let y(t) = -t**2 - 532*t - 21470. Calculate y(-44).
2
Let r(t) = -8095*t + 8097. What is r(1)?
2
Let w(b) = -2*b**2 - 115*b - 470. Calculate w(-53).
7
Let r(t) = 74*t**3 + 4*t**2 + 3*t - 1. What is r(-1)?
-74
Let r(l) = -25*l**2 - 30*l - 81. What is r(-3)?
-216
Let j(g) = -g**2 + 10*g - 3. Give j(5).
22
Let d(f) = 11*f - 150. Calculate d(0).
-150
Let s(k) = -k**3 + 17*k**2 + 14*k + 37. Determine s(18).
-35
Let m(h) = -128*h - 164. Give m(-1).
-36
Let g(p) = -p**3 - 24*p**2 + 111*p + 51. Calculate g(-28).
79
Let t(n) = 164*n**2 + 485*n + 8. Determine t(-3).
29
Let y(n) = -143*n - 80. Calculate y(-2).
206
Let k(h) = -h**2 + 21*h - 265. What is k(0)?
-265
Let v(p) = 6*p**2 + 127*p - 102. Give v(-22).
8
Let w(z) = -3*z**3 + 28*z**2 - 13*z - 10. Give w(8).
142
Let q(k) = -23*k - 247. Determine q(-7).
-86
Let h(g) = -143*g + 53. Give h(-4).
625
Let p(j) = 10*j**2 - 20*j - 4. Calculate p(4).
76
Let k(y) = 17*y - 1214. Determine k(71).
-7
Let n(r) = 58*r**2 - 1393*r + 25. Determine n(24).
1
Let c(r) = 2*r**2 - 27*r - 7. Give c(13).
-20
Let i(j) = 36*j**2 + 17*j - 18. Determine i(-2).
92
Let g(y) = 49*y - 2629. Give g(54).
17
Let d(o) = -18*o**2 + 397*o - 12. What is d(22)?
10
Let v(s) = 120*s + 3131. What is v(-26)?
11
Let t(c) = c**3 + 32*c**2 + 108*c - 108. What is t(-28)?
4
Let n(u) = 24*u + 421. Determine n(-10).
181
Let j(u) = u**3 - 3*u**2 - 21*u - 53. Calculate j(-4).
-81
Let w(y) = 10*y**3 - y**2 - y - 2. Calculate w(-1).
-12
Let b(y) = 2*y**3 + 127*y**2 - 4*y + 3825. Calculate b(-64).
-15
Let t(r) = -330*r**2 - 12208*r + 73. Give t(-37).
-1
Let q(k) = 99*k**2 + 375*k. Calculate q(-4).
84
Let p(a) = 2*a - 21. What is p(-5)?
-31
Let h(j) = 7845*j - 109831. What is h(14)?
-1
Let g(w) = -320*w + 403. Determine g(0).
403
Let a(b) = 2*b**2 - 48*b - 623. Determine a(33).
-29
Let l(r) = 34*r - 287. Calculate l(-6).
-491
Let h(w) = w**3 - 118*w**2 - 238*w - 271. Determine h(120).
-31
Let g(d) = 6*d**2 + 1784*d + 2374. Calculate g(-296).
6
Let x(f) = 3*f**2 - 107*f + 260. Calculate x(33).
-4
Let x(f) = -5*f**2 + 393*f - 205. Give x(78).
29
Let d(p) = -763*p + 2295. Calculate d(3).
6
Let v(y) = y**3 + 9*y**2 - 139*y + 28. Give v(8).
4
Let a(x) = x**2 - 9*x - 46. Determine a(-10).
144
Let b(p) = -183*p + 5318. What is b(29)?
11
Let w(u) = -361*u + 393. Give w(1).
32
Let s(k) = -260*k + 526. Determine s(2).
6
Let i(s) = -s**3 + 12*s**2 + 53*s + 20. Determine i(15).
140
Let s(h) = 4297*h - 64450. Calculate s(15).
5
Let u(a) = a**3 + 49*a**2 - 206*a + 253. Calculate u(-53).
-65
Let n(t) = -t**2 - 1601*t - 9575. What is n(-6)?
-5
Let d(p) = 28*p + 83. Calculate d(-6).
-85
Let j(p) = 40*p**2 - 17*p - 29. Give j(-2).
165
Let n(z) = 4*z**2 - 14*z + 4. Calculate n(1).
-6
Let g(a) = -949*a + 73077. Determine g(77).
4
Let l(h) = -3804*h + 38034. Calculate l(10).
-6
Let s(z) = z**3 + 28*z**2 - 205*z - 55. Determine s(-34).
-21
Let r(a) = -137*a + 794. What is r(6)?
-28
Let o(d) = 5*d**3 + 817*d**2 - 494*d - 338. Calculate o(-164).
-10
Let n(z) = 9*z**3 - 185*z**2 - 95*z - 22. Calculate n(21).
-253
Let u(s) = 10*s**2 - 172*s - 23. What is u(18)?
121
Let t(a) = 127*a - 784. Determine t(6).
-22
Let m(w) = -429*w + 2182. Determine m(5).
37
Let q(h) = 416*h**2 + 71*h - 70. What is q(1)?
417
Let i(g) = 157*g - 186. What is i(-2)?
-500
Let k(m) = 240*m + 138. What is k(-1)?
-102
Let n(a) = -20*a - 1823. Calculate n(-92).
17
Let k(x) = -127*x + 367. Calculate k(4).
-141
Let y(n) = n**2 - 28*n + 193. Give y(12).
1
Let o(g) = g**2 + 44*g + 490. What is o(-23)?
7
Let c(p) = -43*p**2 + 22*p - 23.